s digit of a(q)?
0
Let s(c) = -c**3 - 10*c**2 - 7*c - 10. Let u = 5 + -29. Let o = u - -14. What is the units digit of s(o)?
0
Let d(k) = 32*k + 2. Let s be d(-1). Let w = s - -45. What is the tens digit of w?
1
Let x(g) = -1548*g - 142. What is the units digit of x(-2)?
4
Let k(a) = 454*a - 410. What is the tens digit of k(10)?
3
Let o be 82/4*-1*2. Let u = o - -176. Suppose 0 = -4*g + u + 33. What is the units digit of g?
2
Suppose -23*o = -22*o - 535. What is the tens digit of o?
3
Let b = 654 - 586. What is the units digit of b?
8
Suppose -4*i = -7 - 1. Let k(x) be the first derivative of 3*x**2/2 - 2*x + 7. What is the units digit of k(i)?
4
Let t be (-2)/5 - (-84)/(-15). Let z be 444/(-10) + t/(-15). What is the tens digit of ((-1)/(-2))/((-2)/z)?
1
Suppose 6*l = -0*l + 7236. What is the units digit of l?
6
Let z = 1731 + 175. What is the tens digit of z?
0
Suppose -668 + 140 = -4*c. Suppose -6 + c = w. What is the tens digit of w?
2
Let z = 1 - -2. Suppose 13 = -z*f + 4*f. What is the units digit of f?
3
Let m(g) = 71*g**2 + 8*g + 5. What is the tens digit of m(3)?
6
Suppose -2*j + 2728 = 4*o, -4*j + 12 = 4. What is the units digit of o?
1
Let i(a) = -100*a - 177. What is the tens digit of i(-5)?
2
Suppose -7*t = -12*t - 5. Let q be (-3)/(t/(4/4)). Suppose 5*u - 21 + 1 = 0, -88 = -4*m + q*u. What is the tens digit of m?
2
Let a = 6 + -2. Suppose -2*c = -a*c + 658. What is the hundreds digit of c?
3
Suppose 2389 = 5*i - 4*h + 703, -342 = -i + 2*h. What is the units digit of i?
4
Let d(v) = 126*v + 7. What is the units digit of d(3)?
5
Let u be 2/(-9) - (-4430)/9. Let q = u - 269. What is the units digit of q?
3
Suppose -179 = -3*q - 5*t, 8*t = -q + 3*t + 53. Let u = -46 + q. What is the units digit of u?
7
Let p(w) = 75*w - 346. What is the units digit of p(15)?
9
Suppose -4*l + 4*x = 28, -13 = -2*l + l - 3*x. What is the tens digit of (1 + -15)*23/l?
6
Suppose 205993 = 71*l + 10885. What is the hundreds digit of l?
7
Let v(t) = t**3 + 10*t**2 - 13*t + 13. Let x = 24 - 22. Suppose -x*s - 26 = -4. What is the tens digit of v(s)?
3
What is the hundreds digit of (1024 - -1) + (-6 - (-1 - 6))?
0
Let d(f) = 20*f**2 + 4*f - 4. Let s be d(2). Suppose -z = z - s. What is the tens digit of z?
4
Let m be (-24)/(-16) - (-6)/(-4). Suppose m = -0*b + b + 30. What is the units digit of (4/(-6))/(4/b)?
5
Let x(p) = -2*p**2 - p**3 - p + 4*p**2 - 4*p**2 - 2. What is the tens digit of x(-3)?
1
Let q be (6 - 1)*(-1 + 2). Suppose -23 = -q*x + 22. Suppose -5*m + x = -11. What is the units digit of m?
4
Let b = 2325 + -1316. What is the tens digit of b?
0
Let l be (-2)/2 + (-4 - -6). Let r be (2 - -1 - l) + 3. Suppose -5*z + 4*i + 78 = -7, 2*z + r*i = 67. What is the tens digit of z?
2
Let f be (5/3)/(14/9198). Suppose -8*g = 127 - f. What is the hundreds digit of g?
1
Let s(p) = -p**3 - 3*p. Let j be s(0). What is the hundreds digit of -1 + (108 - j) - 1?
1
Let p(b) = -41*b + 31. What is the hundreds digit of p(-8)?
3
Let b be -17 + (42/56 - 13/(-4)). Let z = 30 + b. What is the tens digit of z?
1
Let o(q) be the second derivative of 5/2*q**2 + 0 + 1/6*q**4 - 3/2*q**3 + 5*q. What is the tens digit of o(6)?
2
Let a = -423 - -1540. What is the hundreds digit of a?
1
Suppose -26 = -2*b - 4*i, -9 = -2*b + 5*i - 28. Suppose k + 4*p = 65, 120 = -5*k - b*p + 411. What is the tens digit of k?
5
What is the hundreds digit of 2*(0 - (-723)/6)?
2
Let q(k) = -k**3 - 32*k**2 - 87*k + 134. What is the units digit of q(-34)?
4
Let k(x) = -x**3 + 28*x**2 - 20*x + 432. What is the tens digit of k(21)?
9
Let i(u) = u**3 - u**2 - u. Let q be i(2). Suppose r - 78 = -2*n, q*n = -0*n + 2*r + 66. What is the units digit of n?
7
Suppose 6*a = -3*l + 3*a + 54, -55 = -3*l - 4*a. Suppose -14*g = -l*g. Suppose -4*f + 85 = 5*h - 2*f, -4*h - f + 71 = g. What is the units digit of h?
9
Let k = -4296 - -6831. What is the tens digit of k?
3
Let o be -101 - 0*(-5)/10. Let b = o + 249. What is the tens digit of b?
4
Let b = -24 + 20. Let j be (b/(-8))/(2/20). What is the units digit of (-3 - 2)*(-72)/j?
2
Let t(p) = 9 + 13 + 27*p**2 - 19 - p. What is the tens digit of t(-2)?
1
Let w = 277 - -2748. What is the tens digit of w?
2
Let f be ((-2 - -2)/(-3))/(-2). Let l be 2/(-6)*(-93 - f). Suppose 2*b = p - l - 13, -10 = 5*b. What is the tens digit of p?
4
Suppose -2*x + 10*x - 96 = 0. Let a(u) = u**3 - 11*u**2 - 7*u + 5. What is the tens digit of a(x)?
6
Let j = 7 + -7. Suppose -4*l + 16 - 4 = j. What is the units digit of l?
3
Let w(n) = n**3 + 4*n**2 + n + 4. Let l be w(-4). Suppose 0 = -8*t + 20*t - 24. Suppose -t*d + d + 46 = l. What is the tens digit of d?
4
Let j(z) = 51*z**2 + 2*z + 1. Suppose -25 + 3 = -11*d. What is the tens digit of j(d)?
0
Suppose 2*o - 210 = -32. What is the units digit of o?
9
Let v(d) = d**2 - d + 1. Let u(s) = s**2 - 14*s - 21. Let n(q) = u(q) - 2*v(q). What is the units digit of n(-8)?
9
Suppose 0 = 4*c - v - 6, -4*c + 0*v + 12 = 2*v. Suppose -2*n = c*n. Suppose 3*g + a - 160 = -3*a, -3*g + a + 140 = n. What is the tens digit of g?
4
Let g be (-2)/(-6) + 250/(-12)*-2. What is the units digit of (-4)/28 - (-7818)/g?
6
Let m(b) = -33*b. Let s be m(-5). Let c = s - 90. Suppose 13 = 3*f - 2*j - 37, 5*f - 5*j - c = 0. What is the tens digit of f?
2
Let b(q) = -26*q - 1. Let a = 25 + -22. Let d be b(a). Let c = -30 - d. What is the tens digit of c?
4
Let z = 78 + -156. Let g = z - -135. What is the units digit of g?
7
Let g = 1 - -3. Suppose x + g*x = 25. Suppose -2*s + 94 = -2*m, -m = x*s - 0*s - 235. What is the tens digit of s?
4
Let n(s) = -s**2 + s + 12. Let r be n(5). Let f = r - 6. Let v = 34 + f. What is the tens digit of v?
2
Let t(b) = -b + 5. Let a be t(4). What is the units digit of a/(3 - (-22)/(-8))?
4
Suppose -2*c - 3*c = 0. Suppose -r = -4*u - 44, -2*r - r + 3*u + 87 = c. What is the tens digit of r?
2
Let b(h) = h**3 + 21*h**2 + 9*h - 18. Let c be b(-21). Let t = -117 - c. What is the tens digit of t?
9
Let l(j) = 7*j**3 + j**2 - 6*j + 2. What is the hundreds digit of l(3)?
1
Suppose -2*q = -3*t - 21, 0*q = -4*q + 5*t + 37. Suppose -j - 4*j + 187 = -3*i, -q*i = -3*j + 117. What is the tens digit of j?
3
Let f(n) = -n**2 + 19*n - 1. Suppose 5*r - 9 = 41. Let p be f(r). Suppose -5*k = -21 - p. What is the tens digit of k?
2
What is the hundreds digit of (301/4)/((-10)/(-40))?
3
Let d(y) = y - 12. Let x be d(11). Let v = 3 - x. Suppose 3*j - 106 = -v*g, 3*j - 2*g = 6*j - 104. What is the tens digit of j?
3
Let j = 3236 + -2173. What is the hundreds digit of j?
0
Suppose -l + 4*p = -8, -10 = 5*l - p + 6*p. Let d(m) = m**3 - m**2 + m + 5. Let k be d(l). Suppose 2 = -3*b - 1, k*b = -z + 6. What is the tens digit of z?
1
Let u be (-1)/1*1*-1. Let o(g) = 20*g - 3. Let b(p) = -61*p + 10. Let s(a) = 2*b(a) + 7*o(a). What is the tens digit of s(u)?
1
Let u(s) be the second derivative of -2*s**3 - s**2 - 1/12*s**4 + 0 + 5*s. What is the units digit of u(-8)?
0
Let w = 279 - 107. What is the hundreds digit of w?
1
Suppose 5*w = -3*v + 7513, -3*v + 9969 = v - 3*w. What is the tens digit of v?
9
Let l be (-336)/(-36)*18/4. Suppose 0 = 2*o + 5*i - 55, 2 = -4*i - 2. Let f = l - o. What is the units digit of f?
2
Let x = 314 - 182. Suppose 11*p - 66 - x = 0. What is the tens digit of p?
1
Let v(y) = 5*y**2 - y - 1. Let d be v(-1). Suppose 0 = 4*r - 0*r + 5*n - 87, -41 = -2*r - d*n. Let a = r + 5. What is the tens digit of a?
2
Suppose 4*m - 2720 - 2488 = 0. What is the units digit of m?
2
Suppose -10*m = -17*m + 24577. What is the thousands digit of m?
3
Suppose -c = -5, -5*x + 8*x - 5858 = -4*c. What is the hundreds digit of x?
9
Suppose -d - 40 = 7*d. What is the units digit of 54/10 + (-69)/(-15) + d?
5
Suppose -3*h + 4*v = -4342, v + 4337 = 3*h + 2*v. What is the units digit of h?
6
Let v be (-2 - (-26 + 2)) + -1. Let c(g) = -3*g**2 + 5*g + 37. Let s be c(0). Let h = s - v. What is the units digit of h?
6
What is the thousands digit of (2/((-4)/(-6)))/(18/7692)?
1
Suppose 0 = 3*a - 4*r - 6, 3*a + 9*r - 4*r - 33 = 0. Suppose -a*q + 8*q - 150 = 0. What is the tens digit of q?
7
Suppose -4*s = 2*h - 32, 47 + 0 = 5*h - s. Let u = h + -10. Suppose u*v = 3*v - 81. What is the units digit of v?
7
What is the hundreds digit of (576 - -8) + (-1)/(-1)?
5
Let q(c) = -5*c 